{"id":6,"date":"2011-06-25T10:01:08","date_gmt":"2011-06-25T10:01:08","guid":{"rendered":"http:\/\/www.freundschaft-mit-valjevo.de\/wordpress\/?page_id=6"},"modified":"2026-02-16T21:42:33","modified_gmt":"2026-02-16T21:42:33","slug":"uber-uns","status":"publish","type":"page","link":"https:\/\/www.freundschaft-mit-valjevo.de\/wordpress\/uber-uns\/","title":{"rendered":"\u00dcber uns"},"content":{"rendered":"<p><strong>Wir \u00fcber uns:<\/strong><br \/>\n<strong>Freundschaft mit Valjevo e.V.<\/strong><\/p>\n<p><strong>F\u00fcr Frieden, Freundschaft und V\u00f6lkerverst\u00e4ndigung<\/strong><\/p>\n<p>Tief entsetzt \u00fcber den v\u00f6lkerrechtswidrigen Krieg der Nato gegen die Bundesrepublik Jugoslawien, der monatelangen Bombardierung serbischer St\u00e4dte 1999, der Zerst\u00f6rung von Fabriken, Infrastruktur und der T\u00f6tung Tausender Zivilisten haben wir am 16. Juli 1999 unseren lokalen Verein \u201eFreundschaft mit Valjevo e.V\u201c in unserer Stadt Pfaffenhofen an der Ilm gegr\u00fcndet.<\/p>\n<p>Wir wollten einen Beitrag zu Frieden und V\u00f6lkerverst\u00e4ndigung leisten und eine Br\u00fccke zu einer serbischen Stadt aufbauen. Die Fall fiel auf das stark bombardierte Valjevo, aus dem einige unserer Gr\u00fcndungsmitglieder stammten.<span class=\"Apple-converted-space\">\u00a0<\/span><\/p>\n<ul>\n<li>Bereits Anfang Oktober 1999 brachten wir unseren ersten Sattelzug mit Lebensmitteln, Kleidung, medizinischen Ger\u00e4t und Medikamenten nach Valjevo. \u00dcber 15 weitere Hilfstransporte folgten, bei denen wir Kranken- und Rettungsw\u00e4gen, eine komplette Dialysestation, 50 Krankenhausbetten, Aus-<\/li>\n<li>r\u00fcstung f\u00fcr Schulen und Spielsachen f\u00fcr Kinderg\u00e4rten \u00fcbergaben.<\/li>\n<li>Beginnend Ostern 2000 haben wir jedes Jahr eine Sch\u00fclergruppe aus Valjevo f\u00fcr eine Woche in unsere Stadt eingeladen, zuletzt im Juli 2024. Dazu haben wir wiederholt<span class=\"Apple-converted-space\">\u00a0 <\/span>Veranstaltungen mit K\u00fcnstlern unserer beiden St\u00e4dte sowohl in Valjevo als auch Pfaffenhofen organisiert.<\/li>\n<\/ul>\n<p>Der Nato-Krieg gegen die Bundesrepublik Jugoslawien war nur der Beginn einer Kette an Kriegen und Wirtschaftssanktionen, die weitere V\u00f6lker ins Elend gest\u00fcrzt haben. Wir haben deshalb unsere humanit\u00e4re Hilfen auf andere L\u00e4nder erweitert:<\/p>\n<ul>\n<li>Mehrfach haben wir schwer kranken Kindern aus dem Irak und Syrien die Operation und Behandlung in deutschen Krankenh\u00e4usern erm\u00f6glicht.<\/li>\n<li>Seit 2017 arbeiten wir mit dem Italienischen Krankenhaus in Damaskus zusammen und unterst\u00fctzen es bei der Finanzierung von medizinischen Ger\u00e4ten und seinen humanit\u00e4ren Aktivit\u00e4ten.<\/li>\n<\/ul>\n<p>Gleichzeitig setzen wir uns in unserer \u00d6ffentlichkeitsarbeit gegen jegliche milit\u00e4rischen Interventionen und einseitige Wirtschaftssanktionen ein, die wie die F\u00e4lle Jugoslawien, Afghanistan, Irak, Libyen und aktuell Syrien zeigen, nur zur Verelendung von Millionen einfacher B\u00fcrger gef\u00fchrt, aber kein politisches Problem gel\u00f6st haben.<span class=\"Apple-converted-space\">\u00a0<\/span><\/p>\n<p>Als Verein, der sich als Teil der Friedensbewegung versteht,<span class=\"Apple-converted-space\">\u00a0 <\/span>stehen wir stets auf der Seite von Kriegsfl\u00fcchtlingen und verteidigen ihre Grundrechte.<span class=\"Apple-converted-space\">\u00a0 \u00a0<\/span><\/p>\n<p>F\u00fcr unsere Friedens- und humanit\u00e4re Arbeit sind wir auf Spenden angewiesen. Wir bitten deshalb um Spenden auf unser Konto. Als gemeinn\u00fctziger Verein erstellen wir daf\u00fcr gerne Spendenbescheinigungen f\u00fcr Ihr Finanzamt.<\/p>\n<p>Unsere Kontoverbindung lautet:<br \/>\nFreundschaft mit Valjevo e.V.<br \/>\nSparkasse Pfaffenhofen<br \/>\nIBAN<span class=\"Apple-converted-space\">\u00a0 DE <\/span>06 7215 1650 000 80 11 991<br \/>\nBIC BYLADEM1PAF<\/p>\n<p><b>1. Vorsitzender: Bernd Duschner, 2. Vorsitzender: Heidi Sch\u00f6nbeck-Brandner, Kassierer: Markus Kotulla<\/b><\/p>\n","protected":false},"excerpt":{"rendered":"<p>Wir \u00fcber uns: Freundschaft mit Valjevo e.V. F\u00fcr Frieden, Freundschaft und V\u00f6lkerverst\u00e4ndigung Tief entsetzt \u00fcber den v\u00f6lkerrechtswidrigen Krieg der Nato gegen die Bundesrepublik Jugoslawien, der&#8230;<\/p>\n<div class=\"more-link-wrapper\"><a class=\"more-link\" href=\"https:\/\/www.freundschaft-mit-valjevo.de\/wordpress\/uber-uns\/\">Weiterlesen<span class=\"screen-reader-text\">\u00dcber uns<\/span><\/a><\/div>\n","protected":false},"author":2,"featured_media":0,"parent":0,"menu_order":0,"comment_status":"open","ping_status":"open","template":"","meta":{"footnotes":""},"class_list":["post-6","page","type-page","status-publish","hentry","entry"],"yoast_head":"<!-- This site is optimized with the Yoast SEO plugin v27.4 - https:\/\/yoast.com\/product\/yoast-seo-wordpress\/ -->\n<title>\u00dcber uns - Freundschaft mit Valjevo e.V.<\/title>\n<meta name=\"robots\" content=\"index, follow, max-snippet:-1, max-image-preview:large, max-video-preview:-1\" \/>\n<link rel=\"canonical\" href=\"https:\/\/www.freundschaft-mit-valjevo.de\/wordpress\/uber-uns\/\" \/>\n<meta property=\"og:locale\" content=\"de_DE\" \/>\n<meta property=\"og:type\" content=\"article\" \/>\n<meta property=\"og:title\" content=\"\u00dcber uns - Freundschaft mit Valjevo e.V.\" \/>\n<meta property=\"og:description\" content=\"Wir \u00fcber uns: Freundschaft mit Valjevo e.V. F\u00fcr Frieden, Freundschaft und V\u00f6lkerverst\u00e4ndigung Tief entsetzt \u00fcber den v\u00f6lkerrechtswidrigen Krieg der Nato gegen die Bundesrepublik Jugoslawien, der&#8230;\" \/>\n<meta property=\"og:url\" content=\"https:\/\/www.freundschaft-mit-valjevo.de\/wordpress\/uber-uns\/\" \/>\n<meta property=\"og:site_name\" content=\"Freundschaft mit Valjevo e.V.\" \/>\n<meta property=\"article:modified_time\" content=\"2026-02-16T21:42:33+00:00\" \/>\n<meta name=\"twitter:card\" content=\"summary_large_image\" \/>\n<meta name=\"twitter:label1\" content=\"Gesch\u00e4tzte Lesezeit\" \/>\n\t<meta name=\"twitter:data1\" content=\"3\u00a0Minuten\" \/>\n<script type=\"application\/ld+json\" class=\"yoast-schema-graph\">{\"@context\":\"https:\\\/\\\/schema.org\",\"@graph\":[{\"@type\":\"WebPage\",\"@id\":\"https:\\\/\\\/www.freundschaft-mit-valjevo.de\\\/wordpress\\\/uber-uns\\\/\",\"url\":\"https:\\\/\\\/www.freundschaft-mit-valjevo.de\\\/wordpress\\\/uber-uns\\\/\",\"name\":\"\u00dcber uns - Freundschaft mit Valjevo e.V.\",\"isPartOf\":{\"@id\":\"https:\\\/\\\/www.freundschaft-mit-valjevo.de\\\/wordpress\\\/#website\"},\"datePublished\":\"2011-06-25T10:01:08+00:00\",\"dateModified\":\"2026-02-16T21:42:33+00:00\",\"breadcrumb\":{\"@id\":\"https:\\\/\\\/www.freundschaft-mit-valjevo.de\\\/wordpress\\\/uber-uns\\\/#breadcrumb\"},\"inLanguage\":\"de\",\"potentialAction\":[{\"@type\":\"ReadAction\",\"target\":[\"https:\\\/\\\/www.freundschaft-mit-valjevo.de\\\/wordpress\\\/uber-uns\\\/\"]}]},{\"@type\":\"BreadcrumbList\",\"@id\":\"https:\\\/\\\/www.freundschaft-mit-valjevo.de\\\/wordpress\\\/uber-uns\\\/#breadcrumb\",\"itemListElement\":[{\"@type\":\"ListItem\",\"position\":1,\"name\":\"Startseite\",\"item\":\"https:\\\/\\\/www.freundschaft-mit-valjevo.de\\\/wordpress\\\/\"},{\"@type\":\"ListItem\",\"position\":2,\"name\":\"\u00dcber uns\"}]},{\"@type\":\"WebSite\",\"@id\":\"https:\\\/\\\/www.freundschaft-mit-valjevo.de\\\/wordpress\\\/#website\",\"url\":\"https:\\\/\\\/www.freundschaft-mit-valjevo.de\\\/wordpress\\\/\",\"name\":\"Freundschaft mit Valjevo e.V.\",\"description\":\"F\u00fcr Frieden, Freundschaft und V\u00f6lkerverst\u00e4ndigung\",\"potentialAction\":[{\"@type\":\"SearchAction\",\"target\":{\"@type\":\"EntryPoint\",\"urlTemplate\":\"https:\\\/\\\/www.freundschaft-mit-valjevo.de\\\/wordpress\\\/?s={search_term_string}\"},\"query-input\":{\"@type\":\"PropertyValueSpecification\",\"valueRequired\":true,\"valueName\":\"search_term_string\"}}],\"inLanguage\":\"de\"}]}<\/script>\n<!-- \/ Yoast SEO plugin. -->","yoast_head_json":{"title":"\u00dcber uns - Freundschaft mit Valjevo e.V.","robots":{"index":"index","follow":"follow","max-snippet":"max-snippet:-1","max-image-preview":"max-image-preview:large","max-video-preview":"max-video-preview:-1"},"canonical":"https:\/\/www.freundschaft-mit-valjevo.de\/wordpress\/uber-uns\/","og_locale":"de_DE","og_type":"article","og_title":"\u00dcber uns - Freundschaft mit Valjevo e.V.","og_description":"Wir \u00fcber uns: Freundschaft mit Valjevo e.V. F\u00fcr Frieden, Freundschaft und V\u00f6lkerverst\u00e4ndigung Tief entsetzt \u00fcber den v\u00f6lkerrechtswidrigen Krieg der Nato gegen die Bundesrepublik Jugoslawien, der&#8230;","og_url":"https:\/\/www.freundschaft-mit-valjevo.de\/wordpress\/uber-uns\/","og_site_name":"Freundschaft mit Valjevo e.V.","article_modified_time":"2026-02-16T21:42:33+00:00","twitter_card":"summary_large_image","twitter_misc":{"Gesch\u00e4tzte Lesezeit":"3\u00a0Minuten"},"schema":{"@context":"https:\/\/schema.org","@graph":[{"@type":"WebPage","@id":"https:\/\/www.freundschaft-mit-valjevo.de\/wordpress\/uber-uns\/","url":"https:\/\/www.freundschaft-mit-valjevo.de\/wordpress\/uber-uns\/","name":"\u00dcber uns - Freundschaft mit Valjevo e.V.","isPartOf":{"@id":"https:\/\/www.freundschaft-mit-valjevo.de\/wordpress\/#website"},"datePublished":"2011-06-25T10:01:08+00:00","dateModified":"2026-02-16T21:42:33+00:00","breadcrumb":{"@id":"https:\/\/www.freundschaft-mit-valjevo.de\/wordpress\/uber-uns\/#breadcrumb"},"inLanguage":"de","potentialAction":[{"@type":"ReadAction","target":["https:\/\/www.freundschaft-mit-valjevo.de\/wordpress\/uber-uns\/"]}]},{"@type":"BreadcrumbList","@id":"https:\/\/www.freundschaft-mit-valjevo.de\/wordpress\/uber-uns\/#breadcrumb","itemListElement":[{"@type":"ListItem","position":1,"name":"Startseite","item":"https:\/\/www.freundschaft-mit-valjevo.de\/wordpress\/"},{"@type":"ListItem","position":2,"name":"\u00dcber uns"}]},{"@type":"WebSite","@id":"https:\/\/www.freundschaft-mit-valjevo.de\/wordpress\/#website","url":"https:\/\/www.freundschaft-mit-valjevo.de\/wordpress\/","name":"Freundschaft mit Valjevo e.V.","description":"F\u00fcr Frieden, Freundschaft und V\u00f6lkerverst\u00e4ndigung","potentialAction":[{"@type":"SearchAction","target":{"@type":"EntryPoint","urlTemplate":"https:\/\/www.freundschaft-mit-valjevo.de\/wordpress\/?s={search_term_string}"},"query-input":{"@type":"PropertyValueSpecification","valueRequired":true,"valueName":"search_term_string"}}],"inLanguage":"de"}]}},"_links":{"self":[{"href":"https:\/\/www.freundschaft-mit-valjevo.de\/wordpress\/wp-json\/wp\/v2\/pages\/6","targetHints":{"allow":["GET"]}}],"collection":[{"href":"https:\/\/www.freundschaft-mit-valjevo.de\/wordpress\/wp-json\/wp\/v2\/pages"}],"about":[{"href":"https:\/\/www.freundschaft-mit-valjevo.de\/wordpress\/wp-json\/wp\/v2\/types\/page"}],"author":[{"embeddable":true,"href":"https:\/\/www.freundschaft-mit-valjevo.de\/wordpress\/wp-json\/wp\/v2\/users\/2"}],"replies":[{"embeddable":true,"href":"https:\/\/www.freundschaft-mit-valjevo.de\/wordpress\/wp-json\/wp\/v2\/comments?post=6"}],"version-history":[{"count":11,"href":"https:\/\/www.freundschaft-mit-valjevo.de\/wordpress\/wp-json\/wp\/v2\/pages\/6\/revisions"}],"predecessor-version":[{"id":2395,"href":"https:\/\/www.freundschaft-mit-valjevo.de\/wordpress\/wp-json\/wp\/v2\/pages\/6\/revisions\/2395"}],"wp:attachment":[{"href":"https:\/\/www.freundschaft-mit-valjevo.de\/wordpress\/wp-json\/wp\/v2\/media?parent=6"}],"curies":[{"name":"wp","href":"https:\/\/api.w.org\/{rel}","templated":true}]}}

Über uns

<p><strong>Wir über uns:</strong><br />
<strong>Freundschaft mit Valjevo e.V.</strong></p>
<p><strong>Für Frieden, Freundschaft und Völkerverständigung</strong></p>
<p>Tief entsetzt über den völkerrechtswidrigen Krieg der Nato gegen die Bundesrepublik Jugoslawien, der monatelangen Bombardierung serbischer Städte 1999, der Zerstörung von Fabriken, Infrastruktur und der Tötung Tausender Zivilisten haben wir am 16. Juli 1999 unseren lokalen Verein „Freundschaft mit Valjevo e.V“ in unserer Stadt Pfaffenhofen an der Ilm gegründet.</p>
<p>Wir wollten einen Beitrag zu Frieden und Völkerverständigung leisten und eine Brücke zu einer serbischen Stadt aufbauen. Die Fall fiel auf das stark bombardierte Valjevo, aus dem einige unserer Gründungsmitglieder stammten.<span class="Apple-converted-space"> </span></p>
<ul>
<li>Bereits Anfang Oktober 1999 brachten wir unseren ersten Sattelzug mit Lebensmitteln, Kleidung, medizinischen Gerät und Medikamenten nach Valjevo. Über 15 weitere Hilfstransporte folgten, bei denen wir Kranken- und Rettungswägen, eine komplette Dialysestation, 50 Krankenhausbetten, Aus-</li>
<li>rüstung für Schulen und Spielsachen für Kindergärten übergaben.</li>
<li>Beginnend Ostern 2000 haben wir jedes Jahr eine Schülergruppe aus Valjevo für eine Woche in unsere Stadt eingeladen, zuletzt im Juli 2024. Dazu haben wir wiederholt<span class="Apple-converted-space">  </span>Veranstaltungen mit Künstlern unserer beiden Städte sowohl in Valjevo als auch Pfaffenhofen organisiert.</li>
</ul>
<p>Der Nato-Krieg gegen die Bundesrepublik Jugoslawien war nur der Beginn einer Kette an Kriegen und Wirtschaftssanktionen, die weitere Völker ins Elend gestürzt haben. Wir haben deshalb unsere humanitäre Hilfen auf andere Länder erweitert:</p>
<ul>
<li>Mehrfach haben wir schwer kranken Kindern aus dem Irak und Syrien die Operation und Behandlung in deutschen Krankenhäusern ermöglicht.</li>
<li>Seit 2017 arbeiten wir mit dem Italienischen Krankenhaus in Damaskus zusammen und unterstützen es bei der Finanzierung von medizinischen Geräten und seinen humanitären Aktivitäten.</li>
</ul>
<p>Gleichzeitig setzen wir uns in unserer Öffentlichkeitsarbeit gegen jegliche militärischen Interventionen und einseitige Wirtschaftssanktionen ein, die wie die Fälle Jugoslawien, Afghanistan, Irak, Libyen und aktuell Syrien zeigen, nur zur Verelendung von Millionen einfacher Bürger geführt, aber kein politisches Problem gelöst haben.<span class="Apple-converted-space"> </span></p>
<p>Als Verein, der sich als Teil der Friedensbewegung versteht,<span class="Apple-converted-space">  </span>stehen wir stets auf der Seite von Kriegsflüchtlingen und verteidigen ihre Grundrechte.<span class="Apple-converted-space">   </span></p>
<p>Für unsere Friedens- und humanitäre Arbeit sind wir auf Spenden angewiesen. Wir bitten deshalb um Spenden auf unser Konto. Als gemeinnütziger Verein erstellen wir dafür gerne Spendenbescheinigungen für Ihr Finanzamt.</p>
<p>Unsere Kontoverbindung lautet:<br />
Freundschaft mit Valjevo e.V.<br />
Sparkasse Pfaffenhofen<br />
IBAN<span class="Apple-converted-space">  DE </span>06 7215 1650 000 80 11 991<br />
BIC BYLADEM1PAF</p>
<p><b>1. Vorsitzender: Bernd Duschner, 2. Vorsitzender: Heidi Schönbeck-Brandner, Kassierer: Markus Kotulla</b></p>

<p>Wir über uns: Freundschaft mit Valjevo e.V. Für Frieden, Freundschaft und Völkerverständigung Tief entsetzt über den völkerrechtswidrigen Krieg der Nato gegen die Bundesrepublik Jugoslawien, der&#8230;</p>
<div class="more-link-wrapper"><a class="more-link" href="https://www.freundschaft-mit-valjevo.de/wordpress/uber-uns/">Weiterlesen<span class="screen-reader-text">Über uns</span></a></div>

<!-- This site is optimized with the Yoast SEO plugin v27.4 - https://yoast.com/product/yoast-seo-wordpress/ -->
<title>Über uns - Freundschaft mit Valjevo e.V.</title>
<meta name="robots" content="index, follow, max-snippet:-1, max-image-preview:large, max-video-preview:-1" />
<link rel="canonical" href="https://www.freundschaft-mit-valjevo.de/wordpress/uber-uns/" />
<meta property="og:locale" content="de_DE" />
<meta property="og:type" content="article" />
<meta property="og:title" content="Über uns - Freundschaft mit Valjevo e.V." />
<meta property="og:description" content="Wir über uns: Freundschaft mit Valjevo e.V. Für Frieden, Freundschaft und Völkerverständigung Tief entsetzt über den völkerrechtswidrigen Krieg der Nato gegen die Bundesrepublik Jugoslawien, der&#8230;" />
<meta property="og:url" content="https://www.freundschaft-mit-valjevo.de/wordpress/uber-uns/" />
<meta property="og:site_name" content="Freundschaft mit Valjevo e.V." />
<meta property="article:modified_time" content="2026-02-16T21:42:33+00:00" />
<meta name="twitter:card" content="summary_large_image" />
<meta name="twitter:label1" content="Geschätzte Lesezeit" />
	<meta name="twitter:data1" content="3 Minuten" />
<script type="application/ld+json" class="yoast-schema-graph">{"@context":"https:\/\/schema.org","@graph":[{"@type":"WebPage","@id":"https:\/\/www.freundschaft-mit-valjevo.de\/wordpress\/uber-uns\/","url":"https:\/\/www.freundschaft-mit-valjevo.de\/wordpress\/uber-uns\/","name":"Über uns - Freundschaft mit Valjevo e.V.","isPartOf":{"@id":"https:\/\/www.freundschaft-mit-valjevo.de\/wordpress\/#website"},"datePublished":"2011-06-25T10:01:08+00:00","dateModified":"2026-02-16T21:42:33+00:00","breadcrumb":{"@id":"https:\/\/www.freundschaft-mit-valjevo.de\/wordpress\/uber-uns\/#breadcrumb"},"inLanguage":"de","potentialAction":[{"@type":"ReadAction","target":["https:\/\/www.freundschaft-mit-valjevo.de\/wordpress\/uber-uns\/"]}]},{"@type":"BreadcrumbList","@id":"https:\/\/www.freundschaft-mit-valjevo.de\/wordpress\/uber-uns\/#breadcrumb","itemListElement":[{"@type":"ListItem","position":1,"name":"Startseite","item":"https:\/\/www.freundschaft-mit-valjevo.de\/wordpress\/"},{"@type":"ListItem","position":2,"name":"Über uns"}]},{"@type":"WebSite","@id":"https:\/\/www.freundschaft-mit-valjevo.de\/wordpress\/#website","url":"https:\/\/www.freundschaft-mit-valjevo.de\/wordpress\/","name":"Freundschaft mit Valjevo e.V.","description":"Für Frieden, Freundschaft und Völkerverständigung","potentialAction":[{"@type":"SearchAction","target":{"@type":"EntryPoint","urlTemplate":"https:\/\/www.freundschaft-mit-valjevo.de\/wordpress\/?s={search_term_string}"},"query-input":{"@type":"PropertyValueSpecification","valueRequired":true,"valueName":"search_term_string"}}],"inLanguage":"de"}]}</script>
<!-- / Yoast SEO plugin. -->

Über uns - Freundschaft mit Valjevo e.V.

Wir über uns: Freundschaft mit Valjevo e.V. Für Frieden, Freundschaft und Völkerverständigung Tief entsetzt über den völkerrechtswidrigen Krieg der Nato gegen die Bundesrepublik Jugoslawien, der&#8230;

Für Frieden, Freundschaft und Völkerverständigung
